. What are the prime factors of l?
41
Suppose -4*f - 72 = -4*z, 5*z - f - 75 = 15. List the prime factors of z.
2, 3
Let i(h) = 5*h - 5. Suppose -5*j - c + 28 = 0, 0 = 9*j - 4*j - 3*c - 16. What are the prime factors of i(j)?
2, 5
Let v = 10 + -9. Suppose v = -2*b + 35. List the prime factors of b.
17
Suppose 4*d - 5*d + 13 = 0. Suppose -2*b = 3*r - 7*b - 7, -b = 3*r - d. Suppose 2 = -s - r*g - 8, 5*g + 65 = 4*s. List the prime factors of s.
2, 5
Let h(i) = -1 + 2 + 6 + 26*i - 6. What are the prime factors of h(2)?
53
Suppose 6*u - u + j = -8, 2*u - 4*j + 12 = 0. Let k(a) = -a**2 - 10*a - 9. Let r be k(-8). Let q = r + u. List the prime factors of q.
5
Let j be 0 + 2/3*3. Suppose 0 = -q + 2*z - z + 4, -j*z + 4 = 0. Suppose -3*l + q = -9. What are the prime factors of l?
5
Let f(u) be the second derivative of -u**3/3 - 5*u**2/2 + 4*u. Let v be f(-5). Suppose -v*o - 32 = -3*h - 0*o, 2*h = 2*o + 24. List the prime factors of h.
2, 7
Let s = -160 + 357. What are the prime factors of s?
197
Suppose -m + 19 = -p - 58, 4*m + 3*p - 336 = 0. What are the prime factors of m?
3
Suppose y - 52 = -2*r - 3*y, -5*r = 4*y - 160. List the prime factors of r.
2, 3
Let w be (2 + -1)*-1 - -2. Suppose 2*u - w = -0*u - 3*j, -4*u - 3*j = -17. List the prime factors of u.
2
Suppose 2*h - 9 = 5*o, 0*h - 8 = -2*h + 4*o. Suppose -2*b + h + 2 = 0. Suppose -3*l = -g + 4, -b*l - 8 = -2*g + 2*l. What are the prime factors of g?
2
Suppose -3*g - 5*f = 123 - 548, 135 = g - 5*f. List the prime factors of g.
2, 5, 7
Let d(y) = 5*y + 21. Let i be d(-9). List the prime factors of 17/3 - (-16)/i.
5
Let z = -931 + 573. List the prime factors of z/(-8) - 15/(-60).
3, 5
Let y(a) = a**3 - 10*a**2 + 9*a + 4. Let j = -9 + 3. Let b be (-58)/j - (-6)/(-9). List the prime factors of y(b).
2
Suppose t + a = 30, -a = t + 3*t - 123. Let j = t + -25. List the prime factors of j.
2, 3
Let k(y) be the first derivative of -2 + 0*y + 3/2*y**2. What are the prime factors of k(4)?
2, 3
Let a be 43/2 - 4/8. Let k = a + -12. What are the prime factors of k?
3
Suppose 4*a - 390 = 174. What are the prime factors of a?
3, 47
Suppose 0 = -p - 4*p + 335. Suppose -m + p = 2*f - 9, f + 5*m = 47. List the prime factors of f.
37
Let z = -15 + 23. Suppose -t - 3*t + z = 2*c, -12 = 4*t. List the prime factors of c.
2, 5
Let l = -3 - -8. Let j be (-4)/10*(0 - l). List the prime factors of j - 1 - (-1 - 2).
2
Suppose 2*x + l = 7, 0*x - 2*l = 3*x - 10. List the prime factors of x.
2
Let q = 8 - 8. Suppose 6 + q = 2*c. Suppose c = k - 12. List the prime factors of k.
3, 5
Suppose -5*y = 4*p - 45 - 241, -34 = -y + 5*p. What are the prime factors of y?
2, 3
Let h(a) = -a**3 + 9*a**2 - 7*a + 8. Let g(n) = -n + 2. Let x be g(-6). List the prime factors of h(x).
2
Let z(y) = y - 12. Let s be z(6). List the prime factors of ((-4)/2 + s)*-1.
2
Suppose -25 = -4*g - g. Let y(m) = m**2 - m - 7. What are the prime factors of y(g)?
13
Let l = 1 + 1. Let c be -2 - -4 - (l - 2). Suppose 2 = c*o - o. List the prime factors of o.
2
Let u(g) = -g**2 - 24*g - 2. List the prime factors of u(-18).
2, 53
Let f = -128 + 193. List the prime factors of f.
5, 13
Suppose -3*f = 9, 0 = -4*h - 5*f - 1 + 6. Let d = h + -2. Suppose -2*o = -3*o - 5*g + 11, 0 = -d*g + 3. What are the prime factors of o?
2, 3
Let o = 1 - 2. Let i = 2 - o. List the prime factors of (16 + (-9)/i)*1.
13
Suppose 0 = -2*q + t - 0*t + 92, 5*q - 229 = 2*t. What are the prime factors of q?
3, 5
Let h(v) = -v**2 + 10*v. List the prime factors of h(6).
2, 3
Let u(f) = -3*f**3 - 7*f**2 - 5*f + 5. Let k(i) = 5*i**3 + 13*i**2 + 10*i - 9. Let l(p) = 4*k(p) + 7*u(p). List the prime factors of l(4).
3
Let m = -24 + 9. Let c = 17 + m. List the prime factors of c.
2
Suppose -2*o - 2*v - 1 = -7, 0 = 5*o - 3*v - 7. Suppose 7*j - o*j = 70. What are the prime factors of j?
2, 7
Let k be -1 - 3/3*6. Let o = 10 + k. Suppose c = 2*c + 4*b + 14, -o*b = -5*c + 45. List the prime factors of c.
2, 3
Suppose 2*c + 3*i - 2*i - 41 = 0, -66 = -3*c + 3*i. What are the prime factors of 3/(45/c + -2)?
3, 7
Let x(y) = 17*y**3 - 2*y**2 + 5*y - 6. List the prime factors of x(2).
2, 3, 11
Let x(n) = -n**3 - 5*n**2 - 3*n + 2. What are the prime factors of x(-5)?
17
Let u = 57 + -32. Suppose r = 3*f - 55, -5*f + 3*r = -3*f - u. What are the prime factors of f?
2, 5
Let c = -9 + 4. Let k be 1/(((-5)/4)/c). Suppose 0 = -k*f - 20, -i + f + 8 + 7 = 0. What are the prime factors of i?
2, 5
Let h = -3 - -1. Suppose 2*u - 2 + 18 = 2*l, 6 = -3*u. Let v = l - h. List the prime factors of v.
2
Suppose -l + 6 - 2 = 0. Suppose 0 = l*j + 2*n - 8, 0*j + 2*j - 4 = 4*n. List the prime factors of j.
2
Let z(l) = -l**2 - 7*l - 5. Let t be z(-6). Let p be (33/3)/(0 + t). What are the prime factors of (-2)/p + (-48)/(-22)?
2
Suppose -5*v + 30 - 5 = 0. Suppose -3*z = -5*j + 50 + v, -2*j + 21 = -z. Suppose 10 = 2*w - j. What are the prime factors of w?
3
Let i(y) = -y**2 - 6*y + 10. Suppose 0 = -x + 2 - 4, 0 = f + 5*x + 8. Let h be -1*(9 + (0 - f)). List the prime factors of i(h).
3
Suppose 0 = -0*w + 5*w - 10. What are the prime factors of 2 + 0/w + 4?
2, 3
Let t(j) = -3*j - 3. Let y be (1 + -1 + 1)*-1. Let c be y/(-1)*-1 - 1. What are the prime factors of t(c)?
3
Let r(t) be the second derivative of -t**5/10 + t**4/3 - 2*t**3/3 + t**2/2 + t. Let n be r(3). Let p = n - -44. List the prime factors of p.
3, 5
Suppose -2*s = 3*s. Suppose 3*h + s*h + z = 220, -304 = -4*h - 4*z. Suppose -4*m = 5*w - 85, 0*w + 4*w + 4*m - h = 0. List the prime factors of w.
13
Let o(a) = -a**3 - a**2 + a + 1. Let f(q) = -5*q**3 - q**2. Let l(s) = f(s) - 3*o(s). Let m be l(-2). List the prime factors of m/12 - 1/4.
2
List the prime factors of (-14)/(-3)*(18 - 9).
2, 3, 7
Suppose 0 = -b + w - 26, -3*b + 2*w - 53 = 4*w. Let a(j) = -j**3 - 5*j**2 - j - 5. Let i be a(-6). Let v = b + i. List the prime factors of v.
2
Let o = 1 + -3. Let b = o - -4. Suppose -2*p - b*p + 48 = 0. List the prime factors of p.
2, 3
Let b(f) = 3*f - 15. Let m be b(6). Suppose m*t - 5 = 13. List the prime factors of t.
2, 3
Let p = -17 + 13. Suppose 0 - 2 = b. List the prime factors of (p + 1/1)*b.
2, 3
Let g(q) = 2*q - 8. Suppose 3*n = 27 - 9. Let w be g(n). Suppose 0 = -t - w*t + 10. List the prime factors of t.
2
Let j = -12 + 130. List the prime factors of j.
2, 59
Let a(n) = n + 6. Suppose y - 6 = 3*y. What are the prime factors of a(y)?
3
Suppose -3*r - 82 - 89 = 0. Let d = -15 - r. List the prime factors of d.
2, 3, 7
Let g(w) = -2*w + 3. What are the prime factors of g(-4)?
11
Let x = 156 - 85. What are the prime factors of x?
71
Suppose 5*s + 635 = 5*h + 3*s, 3*s = -4*h + 485. Suppose -2*g - h = -7*g. What are the prime factors of g?
5
Let n(l) = l**3 - 10*l**2 + 8*l + 13. Let f be n(9). Suppose -4*i = -f*a + 96, 120 = 5*a - a + 2*i. List the prime factors of a.
2, 7
Let h(x) = 3*x + 2 + 1 - 4*x. List the prime factors of h(-6).
3
Let k(g) be the second derivative of g + 0*g**2 + 0 + 1/3*g**4 + 1/2*g**3. List the prime factors of k(-2).
2, 5
Suppose 7*g = 4*g - 2*r + 25, 4*g = -3*r + 35. List the prime factors of 36 - g - (0 + -2).
3, 11
Suppose 2*t - 692 = -3*a + a, 4*a + 3*t = 1384. What are the prime factors of a?
2, 173
What are the prime factors of 16/((-18)/5 + 4)?
2, 5
Suppose -4 = 5*y + 11. What are the prime factors of -2 + (-48)/y + -1?
13
Let v(i) = -i - 4. Let o(q) = 3*q + 9. Let n(w) = -3*o(w) - 7*v(w). Let g be n(2). List the prime factors of (-56)/g - 2/3.
2, 3
Let w = 11 + -12. What are the prime factors of (-2)/2*(w - 9)?
2, 5
Let d(g) = -4*g**3 + 7*g**2 + 3*g - 7. Let l(r) = r**3 - r + 1. Let f(i) = -d(i) - 3*l(i). List the prime factors of f(7).
2
Suppose 0*k - 394 = -2*k + c, 0 = -2*k + 4*c + 406. Suppose 11 = y - 2*f - 17, -k = -5*y - f. Suppose -r - r = -y. What are the prime factors of r?
19
Suppose 6 - 336 = -5*l. What are the prime factors of l?
2, 3, 11
Let y be 15 + -1 + -1 + 3. Suppose 7*k + y = 3*k. What are the prime factors of ((-110)/15)/(k/6)?
11
Let u be (36 - -2)*(-1 - 0). Let l(w) = w**2 - 5*w - 8. Let a be l(6). What are the prime factors of (-1)/((a/u)/(-1))?
19
Suppose 3*w - 6 - 3 = 0. Suppose -2*k + w*x - 9 = 0, -2*x + 28 = -5*k + 11. List the prime factors of (k/((-6)/(-16)))/(-2).
2
Let d(o) be the second derivative of o**